 z.
13
Let g = 2 + 0. Let w be 25/g*(-24)/(-5). What is the greatest common divisor of w and 40?
20
Let d = 3 + 9. Let h be (-80)/((2/(-8))/1). Suppose 208 = 4*y - h. Calculate the greatest common factor of d and y.
12
Suppose 3*d + 2*d = i + 16, -2*i = d - 12. Suppose -3*z + z = -i*y + 60, 0 = -z. What is the highest common factor of 10 and y?
5
Let u(q) = 12*q**2 + 3*q. Let n be u(3). Let k = 28 - -14. Let i = -29 + k. What is the greatest common divisor of i and n?
13
Let q(i) = i**3 + 13*i**2 + 11*i + 7. Let p be q(-12). Suppose -3*z - 5*u = -p, z - u = 4*u + 13. What is the greatest common factor of z and 32?
8
Suppose -i + 4*s - 34 = i, 0 = 3*i - 5*s + 49. Let t = i + 18. Let z(a) = -a**3 + 7*a**2 - 4*a - 5. Let r be z(5). What is the highest common factor of t and r?
5
Let d = 6 - 2. Suppose 0 = -d*j - 3 + 7, j - 417 = -4*o. What is the greatest common divisor of 26 and o?
26
Suppose 7*r = 9 + 12. Let j(h) = -h**3 + 10*h**2 - 9*h + 12. Let a be j(9). Calculate the greatest common factor of r and a.
3
Suppose 0 = 5*u - 15, -5*j + 2*u - u - 123 = 0. Let v be (j/30)/(2/(-25)). What is the greatest common divisor of 15 and v?
5
Let h(o) = 5*o**2 + 2*o - 2. Let t be h(-2). Calculate the highest common divisor of 98 and t.
14
Let p = 12 - 22. Let j be ((-48)/p)/((-3)/(-50)). Suppose k + 4*k = j. What is the greatest common divisor of k and 4?
4
Let z(q) = 55*q**3 + 3*q**2 - q - 1. Let b be z(1). What is the greatest common factor of 7 and b?
7
Let z = -10 + 6. Let j(g) = 3*g**2 + 4*g + 4. Let y be j(z). Calculate the highest common factor of 9 and y.
9
Let i be 5*(-2)/(-5) - -2. What is the highest common factor of i and 24?
4
Let b(t) = -t**3 - 5*t**2 - 3*t + 7. Let g be b(-5). Let h be 7/(1 + 18/(-15)). Let p = -24 - h. Calculate the highest common factor of p and g.
11
Let f(l) = l**2 - 10. Let u be f(7). Suppose -2*n - 4*s = -32, -n + 3*s = n - u. Let z = 6 + 6. What is the greatest common factor of z and n?
6
Let x be 4/10 + (-440)/(-25). Calculate the highest common factor of x and 6.
6
Suppose 2*u + 6 = -3*o + 27, 2*o + 2*u - 16 = 0. Suppose -o*r + 43 = -342. Let d be 9262/r - (-4)/(-14). Calculate the greatest common divisor of 24 and d.
24
Let o = -12 - -24. What is the highest common divisor of o and 3?
3
Let i be 3 + -1 + 11 + 130. Calculate the highest common factor of 13 and i.
13
Let i = 84 - 8. Suppose 0 = a + a - 38. Calculate the greatest common factor of i and a.
19
Let w = 9 - 7. Let h(x) = x + 1. Let f be h(-1). Let v be 1 + f - (-15 + 2). Calculate the greatest common divisor of w and v.
2
Let q be (6/(-21))/2 + 110/35. Calculate the highest common factor of q and 9.
3
Suppose 0 = -2*q + 9 - 1. Suppose 0 = 4*r + 4*w - 3088, -2*r + 3*r - 5*w = 748. Let l be r/30 - q/(-10). What is the greatest common divisor of 13 and l?
13
Suppose -4*q + 2857 = 13765. Let b be (-5)/(-35) + q/(-21). Suppose -5*h = -0*h - 65. Calculate the greatest common divisor of b and h.
13
Let m be 9*2/(-2)*-7. Calculate the greatest common factor of m and 504.
63
Let u(x) = 3*x**2 - x + 34. Let t be u(10). What is the highest common divisor of t and 36?
36
Let o = 229 - 159. Calculate the greatest common divisor of o and 5.
5
Let y(c) = -c + 5. Let b be y(-6). Let s = -7 + b. Suppose -38 = -2*x + 2*l, -s*x + 58 + 18 = -2*l. Calculate the highest common factor of x and 171.
19
Let i = 358 - 193. Calculate the greatest common factor of i and 15.
15
Let w be ((-32)/(-6))/((-8)/(-36)). Let t(q) = -5*q. Let h be t(-12). What is the greatest common divisor of w and h?
12
Suppose 5*o + 48 = v, 3*v + 4*o - 144 = -0*o. What is the greatest common factor of v and 336?
48
Let r(w) = -w**2 + 29*w + 30. Let l be r(14). Calculate the greatest common factor of l and 30.
30
Let i(w) = w**2 + 12*w. Let u be i(-9). Let g = -15 - u. Let m be (-3 - 12)/(-1) + -3. What is the highest common factor of g and m?
12
Let q(v) = -v**3 + 16*v**2 - 15*v + 11. Let h be q(15). Calculate the greatest common factor of h and 33.
11
Let b = 17 + 4. Let s = 69 - b. Calculate the greatest common factor of 6 and s.
6
Suppose 4*g - 2 - 36 = -2*m, -2*m + 2*g + 20 = 0. Calculate the highest common divisor of m and 117.
13
Suppose 5*u - 24 = -2*k, -8*k = -3*k - 10. What is the highest common divisor of u and 1?
1
Let w(j) = -j**2 + 6*j + 1. Let b be w(5). Let v be -28*(b/(-4))/3. What is the highest common factor of 126 and v?
14
Let f(a) be the third derivative of a**5/30 + 13*a**4/24 + 4*a**3/3 + 4*a**2. Let c be f(-8). What is the greatest common factor of 48 and c?
16
Let h = 7 - 5. Suppose 0 = 7*i - h*i. Suppose i*v = -2*v + 18. What is the greatest common divisor of 81 and v?
9
Let a be ((-170)/(-51))/(4/210). Calculate the greatest common factor of a and 70.
35
Let o = 257 + -92. Let g be (28/(-10))/(1/45). Let q be (-4)/18 + (-1918)/g. Calculate the greatest common divisor of o and q.
15
Let z = -7 + 10. Let x = -8 + z. Let k be -48*(1 + x/3). What is the greatest common divisor of k and 4?
4
Let p = -20 - -28. Suppose -4*n = t - 6*t, -15 = -3*n. Suppose 3*d - 4*g + 3 = 2*d, -t*d + 8 = 4*g. Calculate the highest common factor of d and p.
1
Let c be ((-20)/(-6))/(1/(-3)). Let x be ((-24)/(-15))/((-2)/c). Let s = -10 - -14. What is the highest common factor of s and x?
4
Suppose -3*q = -3*o - 36, -2*o + 5*q = -0*o + 12. Suppose 0*t = -3*t + 87. Let a = o + t. Calculate the highest common factor of a and 52.
13
Let q(a) = a**3 + 9*a**2 + 4*a - 14. Let p be q(-11). Let t be (p/(-14))/(1/7). What is the highest common divisor of t and 15?
15
Let l be 2 - ((-3 - -2) + -1). Suppose 1057 + 926 = 3*g. Suppose -l*z - 3*t + 523 = 2*t, -5*z + t + g = 0. Calculate the highest common divisor of 12 and z.
12
Let s(b) = -b + 8. Let o be s(0). Let g be (48/(-9))/(2 + 60/(-27)). Calculate the highest common factor of g and o.
8
Let o = -112 - -161. Suppose -9 = 4*f - o. Let j(u) = 13*u**2 - 7*u - 6. Let r be j(-2). Calculate the greatest common divisor of r and f.
10
Let m be 16/(-6)*9/(-6). What is the highest common factor of 16 and m?
4
Let v(r) = 2 + 3*r - 5 - 6*r - 2. Let z be v(-6). Calculate the greatest common divisor of 117 and z.
13
Suppose 3*x - l = 39, -2*l + 65 = 5*x + l. Calculate the greatest common factor of 117 and x.
13
Let m be 4/(-8)*2 - -15. Calculate the greatest common divisor of m and 42.
14
Suppose 3*h = -15, -a - 4*h - 7 = 5. What is the greatest common divisor of 20 and a?
4
Let y = -48 + 68. Suppose 0 = u + u - y. What is the greatest common divisor of u and 2?
2
Suppose 3*m - 540 = -5*z, -2*m + 432 = 4*z + m. What is the greatest common factor of z and 27?
27
Let l(j) = 12*j**2 + 3*j + 1. Let s be l(-3). Let p be 6/(-21) + s/7. Let y be (p/(-6) + 2)*-27. What is the greatest common factor of 81 and y?
9
Suppose 2*j + j = 2*x + 22, -14 = -3*j - 2*x. Calculate the greatest common factor of j and 18.
6
Let m(l) = l**3 - 4*l**2 + 3*l - 1. Let d be m(3). Let a be 4/(d - -2) - 2. Suppose -32 = -a*g - 4. What is the highest common divisor of 154 and g?
14
Suppose f + 51 - 159 = 0. Suppose -2*p - 2*p = -64. Let z be ((-18)/4)/((-6)/p). What is the highest common divisor of f and z?
12
Suppose 0 = -n - 3, -3*c + 0*n - 2*n = -18. Let p = 9 + c. What is the greatest common factor of p and 68?
17
Suppose -13 = -2*c + 15. Let x(m) = 3*m + 2. Let l(a) = 8*a + 6. Let d(z) = 6*l(z) - 20*x(z). Let b be d(-5). What is the greatest common factor of c and b?
14
Let r = -20 + 32. Suppose 4*f = 2*d - 0 - 14, 2*d + 3*f = 0. Let i be (-6)/(-27)*d*90. Calculate the highest common divisor of r and i.
12
Suppose -a + 20 = 4*m, -2*a + 6 = 2*m - 4. What is the greatest common divisor of m and 2?
1
Let i(q) = -12*q - 2. Let w(d) = d. Let u(x) = i(x) - 2*w(x). Let f be u(-2). Calculate the greatest common factor of 39 and f.
13
Suppose -2*l + 4*l + 3*h + 11 = 0, -4*l + 3*h = -23. What is the greatest common divisor of l and 2?
2
Suppose 0 = 4*h + 3*c - 97, 0*c - 2*c = 10. Suppose 4*l = h + 12. Calculate the highest common factor of l and 90.
10
Let z(n) = -5*n + 7. Suppose 5*w - 4*q - 2 = 0, 0 = q + q - 4. Let g be -14*((-10)/(-4) - w). Let k be z(g). What is the highest common divisor of 6 and k?
6
Let p(a) = 104*a**2 + 3*a + 1. Let b(i) = -104*i**2 - 2*i - 1. Let z(o) = -3*b(o) - 2*p(o). Let t be 